1. Calculate f(13).
-52
Let r(w) = w**3 + 53*w**2 + 55*w + 140. What is r(-52)?
-16
Let k(o) = -647*o - 27217. Determine k(-42).
-43
Let d(l) = -l**2 - 175273*l + 2454016. Calculate d(14).
-2
Let y(o) = 2*o**2 - 757*o + 22464. Determine y(32).
288
Let c(t) = -18*t**2 + 962*t + 25702. Give c(73).
6
Let g(l) = -741*l**2 - 11136*l - 162. Determine g(-15).
153
Let q(b) = -452*b - 1842. What is q(-2)?
-938
Let m(v) = 67*v**3 - 3*v**2 + 1300*v + 2615. Determine m(-2).
-533
Let t(l) = 27*l**3 - 649*l**2 + 123*l - 2374. Calculate t(24).
2
Let z(n) = 7*n**3 - 87*n**2 + 367*n - 3974. Give z(12).
-2
Let n(f) = 9*f**3 + 207*f**2 - 26533*f - 66. What is n(-67)?
1
Let o(g) = -1190*g + 283962. Give o(238).
742
Let l(v) = 23*v**2 + 1857*v + 7404. What is l(-4)?
344
Let x(t) = 120*t - 1318. What is x(2)?
-1078
Let f(v) = -12922190*v + 77533140. Calculate f(6).
0
Let v(t) = 12*t**2 + 803*t - 6404. Calculate v(8).
788
Let f(d) = 2*d**3 + 295*d**2 + 767*d + 6091. Calculate f(-145).
1
Let r(s) = -s**2 - 266*s - 17410. Calculate r(-129).
263
Let i(x) = 211*x + 10856. Determine i(-47).
939
Let v(l) = -5*l**3 + 65*l**2 - 40*l + 110. Give v(9).
1370
Let y(k) = -k**2 + 1421*k - 315131. What is y(275)?
19
Let n(p) = 987275*p - 9872751. Determine n(10).
-1
Let a(q) = 54*q - 111. Determine a(-4).
-327
Let x(g) = 27*g**2 + 784*g - 440. Give x(-30).
340
Let j(o) = -6739*o + 3924. Give j(0).
3924
Let p(v) = -967*v**2 - 23221*v - 329. Calculate p(-24).
-17
Let t(o) = -1152490*o - 3457428. Calculate t(-3).
42
Let v(s) = -s**2 - 33631*s + 134547. Determine v(4).
7
Let g(v) = 5957*v - 41464. What is g(7)?
235
Let u(q) = -q**3 - 108*q**2 + 1008*q - 3310. Give u(-117).
1955
Let x(s) = -728*s + 21081. What is x(29)?
-31
Let p(v) = 1419009*v - 9933078. What is p(7)?
-15
Let z(s) = s**3 + 898*s**2 - 1203*s + 537300. Determine z(-900).
0
Let w(c) = 2*c**3 + 190*c**2 + 3323*c + 88. What is w(-72)?
-704
Let j(a) = 443*a**2 + 2560*a + 3135. Determine j(-4).
-17
Let o(d) = -3*d**3 + 183*d**2 - 27*d + 1608. Determine o(61).
-39
Let u(m) = 26*m**2 + 42075*m - 30754. Determine u(-1619).
7
Let d(q) = -12393*q + 917568. What is d(74)?
486
Let j(u) = u**3 + 11*u**2 + 126*u + 1654. Give j(-12).
-2
Let r(v) = 90260*v - 2346767. Calculate r(26).
-7
Let n(i) = -4*i**3 - 1373*i**2 + 8382*i - 5. Determine n(6).
-5
Let k(f) = f**3 - 307*f**2 + 228*f + 23873. Give k(306).
5
Let t(w) = 128*w**2 + 383*w - 1103. Give t(3).
1198
Let o(d) = 2*d**2 - 1177*d + 111781. Calculate o(119).
40
Let c(l) = -93*l**2 - 25577*l - 589. What is c(-275)?
-39
Let s(j) = -29*j**2 + 671*j + 1915. What is s(26)?
-243
Let d(g) = -11*g**2 - 1238*g + 759. Calculate d(-113).
194
Let r(f) = -f**3 + 996*f**2 - 11813*f + 23. Give r(12).
-37
Let f(o) = 14*o**3 - 75*o**2 + 90*o - 48. What is f(4)?
8
Let g(k) = 5129*k - 45882. Determine g(9).
279
Let p(l) = 10340*l - 103425. Give p(10).
-25
Let y(r) = r**3 - 3*r**2 + 21*r - 312. Give y(7).
31
Let b(f) = 6*f**3 + 2*f**2 + 68*f - 326. What is b(4)?
362
Let u(v) = -17*v**2 - 31266*v + 125359. What is u(4)?
23
Let n(x) = -x**3 - 19*x**2 + 305*x + 4932. What is n(-23)?
33
Let b(i) = 4*i**2 + 2034*i - 45126. What is b(22)?
1558
Let n(h) = 1513*h - 57459. Give n(38).
35
Let o(b) = -66*b**2 - 239*b - 111. Determine o(5).
-2956
Let l(t) = 41*t**2 + 2680*t + 56. Determine l(-65).
-919
Let x(b) = -425*b**2 - 2506*b + 50. Calculate x(-6).
-214
Let z(m) = 19*m**3 + 8291*m**2 + 27719*m + 3035. Determine z(-433).
4
Let g(r) = 939*r + 1409. Give g(-1).
470
Let k(j) = -13*j**3 - 482*j**2 - 38*j - 92. Calculate k(-37).
-55
Let y(n) = -3*n**3 - 98*n**2 + 2140*n + 66298. Give y(-35).
-27
Let m(x) = x**3 - 8*x**2 - 179*x + 1372. Calculate m(8).
-60
Let u(b) = b**3 + 17*b**2 - 49976*b + 149743. Determine u(3).
-5
Let f(m) = 5*m**2 - 1433*m - 21683. What is f(301)?
-11
Let c(w) = 9*w**3 + 313*w**2 - 390*w - 11199. Give c(-35).
1
Let j(n) = 2*n**2 + 21245*n - 233848. What is j(11)?
89
Let r(w) = 1511*w - 686004. Give r(454).
-10
Let y(t) = 83*t**2 + 923*t + 10. What is y(-3)?
-2012
Let b(h) = 2*h**2 + 1397*h + 221384. What is b(-243)?
11
Let r(g) = -g**3 - 521*g**2 + 10738*g - 79. What is r(20)?
-1719
Let n(l) = 47546*l + 237650. What is n(-5)?
-80
Let d(r) = 3590*r - 3587. Give d(1).
3
Let p(n) = 8*n**3 + 94*n**2 - 17*n + 50. Give p(-12).
-34
Let k(a) = -130*a - 4587. Give k(-34).
-167
Let o(d) = 209*d + 65623. Give o(-314).
-3
Let s(l) = -47*l**2 + 7502*l - 30004. Determine s(4).
-748
Let s(v) = -3*v**2 + 631*v - 4273. What is s(7)?
-3
Let r(d) = 629*d + 44631. Give r(-71).
-28
Let i(z) = z**2 + 222*z + 11477. Calculate i(-112).
-843
Let h(r) = 30841*r - 92576. Give h(3).
-53
Let b(k) = 1849*k + 43446. What is b(-25)?
-2779
Let v(b) = 2*b**2 + 27*b - 690. Determine v(11).
-151
Let j(h) = -532*h + 12032. Calculate j(23).
-204
Let u(q) = -226270*q + 1357616. Determine u(6).
-4
Let w(j) = -960*j - 100932. Calculate w(-105).
-132
Let t(a) = -3211*a + 568100. Give t(177).
-247
Let s(l) = -2*l**2 - 134*l + 9297. What is s(-101)?
2429
Let u(z) = 1295*z + 388597. Give u(-300).
97
Let i(b) = -1060*b - 70453. Calculate i(-67).
567
Let q(b) = 258*b**2 + 4831*b - 1346. Calculate q(-19).
3
Let q(l) = 2862*l - 577917. What is q(202)?
207
Let d(r) = 48*r**3 - 17*r**2 + 11*r + 5. Give d(0).
5
Let t(h) = -h**2 - 168*h - 5231. Give t(-35).
-576
Let r(a) = -8*a**3 - 84*a**2 - a - 493. Give r(-11).
2
Let u(k) = -k**3 - 34*k**2 - 1391*k - 45423. Determine u(-33).
-609
Let q(b) = 1463*b + 497413. Give q(-340).
-7
Let l(z) = -5*z**3 - 42*z**2 - 1549*z - 12324. Determine l(-8).
-60
Let s(d) = -3270*d - 304131. Determine s(-93).
-21
Let u(k) = 1319*k + 6852. Calculate u(-6).
-1062
Let y(f) = f**3 + 33*f**2 - 804*f + 51. What is y(16)?
-269
Let l(g) = -278*g + 5429. Calculate l(19).
147
Let d(n) = -n**3 - 628*n**2 + 658*n + 18019. Give d(-629).
-222
Let x(q) = -70*q**2 + 957*q - 1. What is x(14)?
-323
Let s(a) = 64*a**2 + 135*a + 137. Determine s(-1).
66
Let y(o) = -1138*o + 4810. Give y(5).
-880
Let t(g) = -g**3 + 38*g**2 - 535*g + 2393. What is t(13)?
-337
Let w(u) = -27*u**3 - 1220*u**2 - 229*u - 232. Determine w(-45).
-52
Let v(j) = -9*j**2 + 878*j - 21339. Determine v(46).
5
Let p(u) = 53137*u + 159219. Calculate p(-3).
-192
Let f(u) = -u**3 - 65*u**2 - 404*u + 36. Calculate f(-58).
-80
Let x(q) = 2305*q**2 - 855155*q - 80. Determine x(371).
-80
Let f(v) = 4*v**3 + 25*v**2 - 45*v - 12. What is f(-5)?
338
Let i(k) = -k**2 + 8395*k + 176751. Calculate i(-21).
15
Let y(a) = a**3 + 13*a**2 + 74*a + 771. Give y(-12).
27
Let v(i) = 15178*i + 591952. Calculate v(-39).
10
Let r(q) = 5*q**3 - 220*q**2 - 982*q - 80. Give r(-4).
8
Let q(c) = 2*c**3 + 261*c**2 + 396*c + 1316. Give q(-129).
155
Let p(m) = m**2 + 328075*m - 1640409. Determine p(5).
-9
Let a(x) = -3*x**2 - 234*x - 4423. Give a(-46).
-7
Let x(a) = -2*a**3 + 323*a**2 + 7464*a - 371. Give x(182).
-7
Let k(x) = -739*x - 5308. Give k(-7).
-135
Let n(y) = -44*y**2 + 8227*y + 268. Calculate n(187).
81
Let t(l) = 49213*l - 492131. Calculate t(10).
-1
Let o(w) = -w**3 - 807*w**2 + 2829*w + 323180. What is o(-810)?
-10
Let w(k) = 27*k + 2421. Calculate w(-91).
-36
Let n(s) = -s**2 + 181*s - 537. Determine n(3).
-3
Let t(m) = -m**3 - 5*m**2 + 404*m - 1998. Determine t(14).
-66
Let d(z) = -4*z**2 + 1169*z - 27663. Calculate d(26).
27
Let q(a) = 594*a + 628446. Give q(-1058).
-6
Let i(q) = -q**2 + 12764*q + 153356. Give i(-12).
44
Let v(g) = -14*g**2 + 2785*g + 11573. Give v(203).
2
Let q(f) = -f**3 + 4*f**2 - 56841*f + 170510. Calculate q(3).
-4
Let m(a) = -2*a**2 - 874*a - 88638. Give m(-160).
2
Let x(v) = -v**2 - 343*v - 4480. Calculate x(-13).
-190
Let g(w) = -6*w**3 + w**2 - 886*w + 885. Determine g(1).
-6
Let n(j) = -959142*j - 23019398. What is n(-24)?
10
Let s(v) = v**3 + 15*v**2 - 67*v - 2360. Calculate s(-22).
-4274
Let o(h) = 5361*h + 198771. Determine o(-37).
414
Let i(w) = -46*w**2 + 1809*w - 601. Determine i(39).
-16
Let p(w) = w**3 + 15*w**2 - 351*w - 5208. Calculate p(-15).
57
Let n(c) = -34*c**2 + 442*c + 585. What is n(12)?
993
Let p(w) = -w**3 - 10*w**2 - 313*w - 2112. Give p(-7).
-68
Let o(s) = 64126*s - 383419. Determine o(6).
1337
Let l(h) = -4*h**2 + 4096*h + 1466836. What is l(-281)?
16
Let p(j) = -7*j**2 + 589*j + 4083. What is p(-7)?
-383
Let z(q) = -4039*q 